 common factor of q and 65?
13
Let d be (-1617)/49*(4/(-36) + (-4)/18). What is the highest common divisor of d and 67?
1
Suppose -3*a = p - 963 + 947, -2*a - 50 = -4*p. Let r = 35 + -52. Let c = 30 + r. What is the highest common divisor of c and p?
13
Let t = 2814 + -2811. Let o be 2 - 0 - (-4 - -4). Suppose o*g = 7*g - 45. What is the greatest common factor of t and g?
3
Suppose 66*l + 1040 = 5396. Calculate the greatest common factor of 192 and l.
6
Suppose -13*o - 89 + 137 = -355. What is the greatest common factor of 992 and o?
31
Let s(w) = -w**2 + 7*w + 4. Let i be s(7). Suppose -22*m = -6*m - 576. Suppose -22*b = -13*b - m. Calculate the highest common factor of i and b.
4
Let z be (-300)/200*(4/(-6) + 0). Let j be ((-28 - z) + 1)/(-2). What is the highest common divisor of j and 2?
2
Let g(a) = 2*a**3 - 6*a**2 - 78*a - 2. Let r be g(8). What is the highest common divisor of r and 1232?
14
Suppose -3*a + 26 = 4*u, -a - 84*u = -87*u + 13. What is the highest common factor of a and 346?
2
Let a be (3/(-12))/((-144)/1434816). Calculate the highest common factor of a and 1034.
47
Suppose 2*r = -w + 617, -730 - 486 = -2*w + 2*r. Suppose 3*o = 124 + 158. What is the greatest common factor of w and o?
47
Let m be (-6)/33 - (-1857675)/275. What is the greatest common divisor of 70 and m?
35
Let h = -664 + 824. Suppose 24 = 7*d - 11. What is the greatest common factor of h and d?
5
Let n be 251/4 + 17/68. Suppose -42680*b + 42674*b = -108. Calculate the greatest common divisor of n and b.
9
Let c be 2 + -1 + 3 - (-405)/81. Calculate the greatest common divisor of c and 6741.
9
Let b(n) = 4*n - 11. Let c be b(4). Suppose -43 = c*w - 553. Calculate the greatest common factor of w and 12.
6
Suppose 3*z + 3*m = 546, m = 2*z - 0*z - 358. Let s be ((-36)/(-27))/(1/60). Suppose -5*u = -u - s. What is the greatest common divisor of u and z?
20
Suppose -a + 18 = -0*a. Suppose 216 = -6*r - 834. Let q be (-50)/r - (-313)/7. Calculate the greatest common factor of q and a.
9
Let b(d) = d**3 - 7*d**2 - 236*d - 53. Let j be b(22). Calculate the highest common factor of j and 715.
65
Let p = -97 - -57. Let c be 30/p - 243/(-4). What is the greatest common factor of 24 and c?
12
Let y(z) = -15*z**2 - 6*z + z**3 - 2*z**3 + 25*z**2 - 17. Let f be y(7). Suppose 0*s + f = 4*s. What is the highest common factor of s and 33?
11
Let u(y) = -y**3 + 7*y**2 - 3*y + 5. Let b be u(6). Suppose f = -3*f + 288. Suppose 0 = 2*q - 66 - f. What is the highest common divisor of q and b?
23
Let q be -3*6/(-54)*15. Let r(j) = 13*j - 20. Let f be r(q). Calculate the highest common divisor of f and 60.
15
Suppose -5*s - x + 1371 = 3*x, 3*x = 3*s - 828. Suppose 7*g - 3*g - 220 = 0. Calculate the highest common divisor of s and g.
55
Let d = -3962 - -4001. What is the highest common divisor of 3 and d?
3
Suppose -3844 = -12*z + 368. Let r be (1*3)/((-9)/(-27)). Calculate the highest common factor of z and r.
9
Suppose 0 = 4*o + 17 - 29. Suppose 3*t - i = -136, o*t + 2*t + 5*i + 200 = 0. Let m = t + 52. Calculate the greatest common factor of 64 and m.
8
Let p(m) = 15*m - 3. Let z be p(3). Suppose -23*v - 15*v - 10944 = 0. Let s be v/(-20) + (-15)/(-25) + -1. What is the highest common divisor of s and z?
14
Suppose -2*q + 1 = 5, -3*q = 2*t. Suppose 2 = 2*w, 4*m + 2*w - 8 = 78. Calculate the greatest common factor of m and t.
3
Let x be 65/((-1)/(-1)*(-7 - (-315)/42)). Suppose -3*i + 550 = -3*y - 152, -4*i + 936 = -y. Calculate the highest common factor of x and i.
26
Suppose 0 = 13*s - 29 - 101. Let x be (275 - s/(-5) - -4) + -5. What is the greatest common factor of x and 46?
46
Let y = -21 + 23. Suppose 4028 = y*i + i + 4*j, j = 3*i - 4033. Suppose i = 4*k + 3*k. What is the greatest common factor of k and 24?
24
Suppose -185*h + 3600 = 15*h. Calculate the greatest common divisor of h and 1890.
18
Let a be 10/25 + 36/10. Let l be ((2 + a)/(-6))/(2/(-272)). Let p be (-2)/8 + (-414)/(-24). Calculate the greatest common factor of l and p.
17
Let k be (1/(-3))/((145/(-60))/29). Suppose -4*x + 36 = -k*i, -6 = x - 2*x - 2*i. Let v be -12*(1 - 87/9). What is the highest common divisor of x and v?
8
Let l be 17748/406 - (-2)/7. Suppose -z = -l - 66. Calculate the highest common divisor of z and 275.
55
Suppose 4*o = 3*i + 264, -o + 30*i = 25*i - 66. What is the greatest common factor of o and 946?
22
Let o be 3/9 + -1 + (-76)/(-6). Suppose 13*j - 22 = o*j. What is the greatest common divisor of 11 and j?
11
Suppose 7*t - 702 = 4*t + 3*c, -3*c - 228 = -t. Let y = -3376 + 3409. Suppose -3*w - y = -b, 0*b + 5*b + 3*w = t. What is the highest common factor of b and 15?
15
Let j be -106*1/(-2) + (-2 - 1). Let o = 11 - -9. Let l be o*(-1)/(2 - (2 + 1)). Calculate the highest common factor of j and l.
10
Suppose 4*y - 4*d = 4, -6*y = -5*y + 3*d + 7. Let f(s) = 116*s**2 + 6*s + 5. Let q be f(y). Let p = q + -45. Calculate the highest common divisor of 42 and p.
14
Let b(r) be the second derivative of -r**5/10 + r**4/6 + 3*r**3/2 + 2*r**2 + 89*r. Let t be b(-2). What is the greatest common factor of t and 130?
10
Let y(a) = 55*a - 4*a**2 - 12 + 8*a**3 + 120*a**3 - 45*a - 2*a**2. Let c be y(2). Calculate the highest common factor of c and 84.
84
Let q = -2077 + 408. Let x = q - -3132. Suppose -5*m = 2*m - x. Calculate the greatest common divisor of m and 19.
19
Let z = 774 + -74. What is the highest common divisor of 100 and z?
100
Suppose 4*f = -3 - 5. Let m be f - (1 + -77) - (4 + 0). Let y(q) = 3*q - 5. Let h be y(5). Calculate the greatest common factor of h and m.
10
Let r = -19843 + 20007. What is the highest common divisor of r and 25748?
164
Suppose 2596*t + 498729 = 2607*t. What is the greatest common divisor of t and 357?
357
Let n(d) = 12*d + 1368. Let c be n(-111). Let w = 2 + 0. Suppose w*h - 5*s - 14 = -0*s, 5*h - 62 = -s. What is the greatest common divisor of c and h?
12
Suppose -3*x = -4*s - 12 + 249, 5*s - 4*x - 297 = 0. Let u be 17 + -7 + -11 + s/1. Calculate the greatest common divisor of 24 and u.
8
Let u(s) = -s**3 + 84*s**2 - 156*s - 429. Let p be u(82). What is the highest common factor of 2 and p?
1
Let m(f) = f**2 + 5*f - 6. Let t(a) = -6*a + 5. Let b(k) = 2*m(k) + 3*t(k). Let o be b(6). Calculate the highest common factor of o and 27.
27
Suppose -4*u - 10072 = -3*h + 4052, u = h - 4707. What is the highest common divisor of h and 48?
48
Suppose 200 = -336*p + 338*p. What is the highest common divisor of p and 32?
4
Suppose 4*b - 800 = -17*i + 21*i, -642 = -3*b - 3*i. What is the greatest common factor of 3381 and b?
69
Suppose 2*s - 4*p = 4300, -7623 = -5*s - 4*p + 3071. What is the highest common factor of 7 and s?
7
Let g = 285 + -226. Suppose -5*u - f = -410, -3*f + 317 = 3*u + g. Calculate the highest common divisor of u and 9.
9
Let m = -13033 + 13045. Calculate the greatest common factor of 2232 and m.
12
Let x(s) = -57*s - 634. Let b be x(-15). Calculate the highest common divisor of 2431 and b.
221
Suppose 46 - 34 = 3*l. Suppose 0 = 3*v - 5*v + 2*y + 254, -v + 107 = l*y. Calculate the greatest common divisor of v and 82.
41
Suppose -23*k + 59*k - 72 = 0. Let f be 1*(5 + -6)*(-82)/k. What is the greatest common divisor of f and 697?
41
Let x(j) = -2*j - 9. Let d be x(-7). Suppose 0*n + z = -n - 21, 0 = -d*z + 5. Let g be (-348)/n - (-1)/(11/2). Calculate the highest common factor of g and 48.
16
Suppose 5*y + 1813 = 200*q - 199*q, -5*q = -3*y - 9219. Calculate the highest common factor of q and 112.
56
Let z = -2531 - -2532. Calculate the greatest common divisor of z and 2153.
1
Suppose 5*r = 33 - 8. Suppose 0 = -r*f + f + 612. Let w = 168 + -151. What is the greatest common divisor of f and w?
17
Let a = -244863 - -244998. Suppose -5*l + 37 = t, 3*t - 26 = 4*l + 47. Calculate the greatest common factor of t and a.
27
Let m = 100 - 88. Let o(d) = 10*d**2 + 41*d + 7. Let q be o(-5). What is the greatest common factor of q and m?
4
Let y = -21 - -39. Let f(w) = -3 + y*w + 10*w + 10*w + 5. Let s be f(4). What is the highest common divisor of s and 14?
14
Suppose -5*u = 2*f - 296, -3*u + 5*u - 3*f = 107. Suppose -8*h = -54 - u. Suppose 2*i - 33 = -5. Calculate the greatest common factor of i and h.
14
Suppose -t - 4*t + 400 = 0. Suppose u + 18 = -4*i - 26, 195 = -5